 the remainder when 25 is divided by u?
12
Let x be (-4)/((-16)/12) - (-4)/1. Let v = x - -18. Let g = 26 - -73. What is the remainder when g is divided by v?
24
Suppose 0 = -29*q + 7*q + 3256. What is the remainder when q*((-2)/(-4) - -8) is divided by 45?
43
Let b be 6/(-15) - (-6804)/135. Suppose 20*m = b*m - 1050. Calculate the remainder when 125 is divided by m.
20
Let i = -2 - 1. Suppose 9*d + 31 = 130. Let u = d - i. What is the remainder when u is divided by 9?
5
Suppose 5*c - 9 = 1. Suppose -2*v - 118 = -3*d, -c*d + 10 = 5*v - 94. What is the remainder when 205 is divided by d?
37
Let g(h) be the third derivative of -13*h**2 - 1/60*h**5 - 1/3*h**4 - h**3 + 0*h + 0. Calculate the remainder when 11 is divided by g(-6).
5
Let u = 42222 - 34891. What is the remainder when u is divided by 13?
12
Suppose -1313*y + 855 - 190 = -4587. Let r(a) be the second derivative of a**4/6 - a**3/6 - 2*a. What is the remainder when y is divided by r(1)?
0
Let z(a) = -a**3 - 15*a**2 + 47*a - 38. Let s be z(-18). Suppose -y - 4 = 0, -y + 2*y - s = -4*l. What is the remainder when l is divided by 6?
5
Let m(g) be the third derivative of g**5/60 + g**4/3 - 13*g**3/3 - 7*g**2. Calculate the remainder when m(-13) is divided by 5/(-2)*28/(-5).
11
Let x(u) = 4*u**2 + 20*u - 8. Let f be x(-5). Suppose 3*d = 32 - 5. What is the remainder when f/(-10)*(-540)/(-27) is divided by d?
7
Suppose 5*z = -5*n, z + 2*z - 4*n - 28 = 0. Suppose 4 = 4*q, -5*u + q = -z*u - 3. Suppose -u*f + 9 = -187. What is the remainder when f is divided by 27?
22
Suppose -4*a = -4*y + 152, 3*a + 116 = y + 4*y. Let d = a + 56. What is the remainder when d is divided by (-5)/(-2)*(-96)/(-30)?
3
Let x(u) = u**3 + 24*u**2 + 101*u - 28. What is the remainder when x(-17) is divided by 33?
14
Suppose -4*x = 0, -2*d + 5*x + 78 = 3*x. Suppose -4*q = -5*z - 1094, -5*q = -z - 2*q - 210. Let p = 243 + z. What is the remainder when d is divided by p?
18
Let v(i) be the third derivative of i**6/120 + 3*i**5/20 - 7*i**4/12 - 4*i**3/3 - 64*i**2 + 2. What is the remainder when 178 is divided by v(-10)?
18
Suppose 4*g - 5700 + 1884 = 4*s, -4*s + 1926 = 2*g. Calculate the remainder when g is divided by 12.
9
Suppose -19*u + 40 = 2. Suppose -u*n = 11*n - 26. Suppose -4*f - n*a + 199 + 31 = 0, 50 = f + 3*a. Calculate the remainder when f is divided by 5.
4
Let z be (-555)/(-12) + 6/(-24). Suppose w = -z + 73. Calculate the remainder when 53 is divided by w.
26
Let t = -9144 + 10038. Calculate the remainder when t is divided by 180.
174
Suppose 2*u - 3*p = 2 - 8, 0 = 5*u - p - 11. Suppose -u*f + 8 = -244. Suppose -9*c - f = -15*c. What is the remainder when 20 is divided by c?
6
Suppose -5*f = 8*f - 754. Let z(i) = -14*i + 2. Let j be z(2). Let u = j + 47. What is the remainder when f is divided by u?
16
Let f be (-3)/(1/(-12)*-6). Let t(z) = -z**3 - 8*z**2 - 12*z + 17. Calculate the remainder when 166 is divided by t(f).
13
Let m(g) = g**2 - 11*g + 25. Let w be m(8). Let j be w/((-1)/160*-4). Calculate the remainder when 47 is divided by (j/20)/((-4)/(-34)).
13
Suppose 9*j - 40 = -j. Let c be j + -2 + (-9 - -12). Suppose -140 = -c*d - 5*b, 0*d + 2*b - 112 = -4*d. What is the remainder when 137 is divided by d?
25
Let v be -6 - (-5 - 2) - -448. Let d = 473 - v. What is the remainder when 65 is divided by d?
17
Suppose -5*o + 5*l - 4 = 1, 3*o = 2*l + 2. Calculate the remainder when (-150)/o*(-44)/33 is divided by 27.
23
Suppose 0 = -p - 4, -16*s + 21*s + 4*p - 4 = 0. Suppose -2*h - 642 = -4*f, s*f + 2*h - 647 = 5*h. What is the remainder when f is divided by 27?
23
Suppose -6*i + 4*i + 1179 = v, 4*i - 2373 = 3*v. What is the remainder when 2379 is divided by i?
15
Let t = 36 + -31. Suppose 184 + 16 = t*p. Let i = -26 + p. What is the remainder when 69 is divided by i?
13
Let q(a) = -24*a - 16. Calculate the remainder when q(-6) is divided by (9/(-15)*-3)/((-1)/(-25)).
38
Let u = -85 + 45. Let p be u/(-3)*297/44. Calculate the remainder when 33 is divided by ((-14)/63 + 236/p)*5.
9
Calculate the remainder when 2669 is divided by (1712/(-2354))/((-2)/44).
13
Let r(c) be the second derivative of 9*c**3/2 - 19*c**2 + 35*c + 1. What is the remainder when r(3) is divided by 12?
7
Let w(h) = 7*h - 14. Let n = 139 + -134. Calculate the remainder when 23 is divided by w(n).
2
Suppose 5*g - 15 = 5. Let x(a) = a**3 + 3*a**2 - 25*a - 3. What is the remainder when 53 is divided by x(g)?
8
Let y(t) = -13*t + 54. Let b be y(-8). Let i = b - 144. Calculate the remainder when 67 is divided by i.
11
Let n(i) = -i**3 + 8*i**2 + 46*i + 27. Let r be n(12). Let b(x) = 6*x**2 - 7*x + 13. Calculate the remainder when b(r) is divided by 12.
10
Let m(t) = -81*t - 397. Calculate the remainder when m(-9) is divided by 37.
36
Let w(t) = 7*t - 2. What is the remainder when w(3) is divided by (49/3*12/42*-1)/(210/(-540))?
7
Let i(a) = 343*a + 2715. What is the remainder when i(-5) is divided by 64?
40
Let k(u) = -9*u - 11. Let b be k(0). Suppose -a - 325 = -6*a. Calculate the remainder when a is divided by 266/12 + b/66.
21
Calculate the remainder when -45*12591/(-189) - 3/63*-3 is divided by 100.
98
Let i(c) = -c + 10. Let f be i(8). Suppose f*n = -4*s + 22, n + 4*s = -2*n + 33. Let q(d) = -2*d + 56. Calculate the remainder when q(18) is divided by n.
9
Let x(p) = -16*p**2 + 103*p + 2. Let v be (58 + -50)*(15/(-6))/(-5). Calculate the remainder when x(v) is divided by 156.
2
Let p be -13 + (-42)/(-7) + 7. Suppose 5*c - 120 - 3 = 3*h, 2*c - 2*h - 50 = p. What is the remainder when 93 is divided by c?
21
Suppose 2*v = 4*x - 182, -5*x + 4*v - 485 = -717. Calculate the remainder when 965 is divided by x.
41
Let p = -56 + 60. Calculate the remainder when (-3)/(45/(-6))*220/p is divided by (2/(-8)*-7)/(14/56).
1
Let a(y) = 4*y**2 - y. What is the remainder when a(5) is divided by ((-8)/(-2))/1 + (140/(-28) - -44)?
9
Suppose -3*m = -0*t + t - 97, -5*m + 3*t + 143 = 0. Suppose -2*r - 100 + 66 = -o, 5*o + 5*r - 65 = 0. What is the remainder when m is divided by o?
11
Let f(b) = b**2 - 7*b - 30. Let s be f(16). Let q = s - 105. What is the remainder when 34 is divided by q?
7
Suppose -4*s + 12 = 0, -4*k + 2*s - s = -109. Suppose 511*j + 64258 = 689*j. What is the remainder when j is divided by k?
25
Let v(k) = 98*k + 6590. What is the remainder when v(-59) is divided by 9?
7
Let m = 46760 - 46560. Calculate the remainder when 273 is divided by m.
73
Suppose 142 = 7*p + 30. Let y be (-23)/(-3) - (-5)/(45/(-6)). Let z(x) = 19*x - 40. Calculate the remainder when z(y) is divided by p.
13
Let r be (466/(-4))/(7/14). Let v = 252 + r. Calculate the remainder when 54 is divided by v.
16
Let s = -282 - -327. Suppose 2*x + g - s = 0, 68 = 3*x - g + 2*g. What is the remainder when 366 is divided by x?
21
Let x(l) = 2*l**3 - 3 - l - 5*l**2 - l - l**3. Let s = -2287988 + 2288111. What is the remainder when s is divided by x(6)?
18
Let q = 10 - 7. Let y(c) = c**3 - 5*c**2 + 3*c + 10. Let l be y(5). Let f = l - 20. Calculate the remainder when f is divided by q.
2
Let b be 2202/(-4)*-1*8/3. Let u = b - 961. What is the remainder when u is divided by 15?
12
Suppose 10*v = 3*v - 784. Let g be (-11)/(-2 - 220/v). Suppose 0*n + 232 = 4*c + 4*n, -4*n = -5*c + g. What is the remainder when c is divided by 21?
18
Suppose -12*o + 9*o + 53 = h, 2*o + 93 = h. What is the remainder when 151 is divided by h?
74
Suppose 170*r - 1901 - 1839 = 0. Let b(m) = 2*m**3 - 2*m**2 + 4*m - 3. Calculate the remainder when b(3) is divided by r.
1
Suppose 3*h + 3*n - 18 = 6*n, 0 = 2*h + 4*n - 6. Let m be (h + -1)*(1 - 16). What is the remainder when 29 is divided by 5 + (-308)/m - 4/30?
9
Suppose 5*v - 4*t - 4378 = 914, 5*t + 4221 = 4*v. Calculate the remainder when v is divided by 53.
4
Let c(y) = -97*y - 1. Let l(i) = -15*i - 18 - 46*i**3 + 88*i**3 + 6*i**2 - 41*i**3 - 5*i. Calculate the remainder when c(-1) is divided by l(-8).
12
Let p = -49 + 63. Suppose 2*i + p = -3*x, -4*i - 2 = x - 4. Calculate the remainder when 261/x*8/(-12) is divided by 8.
5
What is the remainder when 502 is divided by 52/(-910) - (-8)/(-35)*-184?
40
Calculate the remainder when ((-4)/120)/(36/(-2786256)) + (-2)/(-15) is divided by 123.
120
Let w = -499 + 502. Suppose -b + 25 = 2*q, w*b + 10 = 2*q + 7*b. What 